ist the prime factors of s.
2, 61
List the prime factors of 43915/3 + -9 + (-20)/15.
2, 3, 23, 53
Let x(m) = -m + 36. Let a(t) = 2*t - 71. Let q(j) = 2*a(j) + 5*x(j). Let o be q(-19). Suppose -25 = f - 5*u - 86, -u - o = -f. List the prime factors of f.
2, 7
Let f be ((-8)/26)/(-2) + (-15634544)/(-1079). Suppose -50*w + f = 5440. What are the prime factors of w?
181
Suppose d = 2 + 2. Let m be 2*((-514)/d - (4 + -1)). List the prime factors of m/(-2) + 2 - (-13)/26.
2, 67
What are the prime factors of 2 + 11/((-88)/(-143600))?
2, 3, 11, 17
Let q(r) = 2*r**2 + 16*r + 18. Let u be q(-7). Suppose 0 = 2*v - 6*v + 20. Suppose v*o - 51 = u*o. List the prime factors of o.
3, 17
Let u be (10/25)/((-1676)/(-560) - 3). List the prime factors of 22/((2/(-24))/(u/84)).
2, 11
Let f(a) = a**3 - 19*a**2 + 26*a - 24. Let n be f(18). Let j be (-4)/(-30) - (-7304)/n. Suppose -3*w + 226 - j = 0. List the prime factors of w.
5, 11
Let z be (-1998)/(-4) + 45/10 + -4. Let t = 580 - z. What are the prime factors of t?
2, 5
What are the prime factors of 0 + -1 + -9 + 55196 + 110?
2, 3
Let i = 24951 - 11633. What are the prime factors of i?
2, 6659
Let w = 76018 + -41549. What are the prime factors of w?
34469
Let z(n) = 3*n**2 - 5*n + 23 + 12*n**2 - 14*n**2 - 6*n. List the prime factors of z(10).
13
Let t(g) be the third derivative of g**4/4 + 22*g**3/3 + g**2 + 22*g. What are the prime factors of t(5)?
2, 37
Let m be (6/(-45)*12 + 2)*45. Suppose 0 = -t - 8*t + m. Suppose t*x - 141 = -f, -x + f - 209 = -4*x. List the prime factors of x.
2, 17
Suppose 20 = -9*b - b. Let y(c) = c**2 - c - 8. Let n be y(4). What are the prime factors of (-185)/(n - 7 - b)?
5, 37
Let m be 700/80*(-2)/5*-6. Let d be 0/(-3)*4/8. Suppose d = -4*b + m - 5. List the prime factors of b.
2
Suppose 5*i = 4*p - 73, -2*i - 46 = -3*p - 0*i. List the prime factors of p/(-144) - 2425/(-12).
2, 101
Let d be 1*(-2 - -26 - 4). Suppose d*h = -h + 34377. What are the prime factors of h?
1637
Let w(x) = -3*x - 54. Let s be w(-18). Suppose 0*u + 803 = 3*j - 2*u, s = -4*j + 5*u + 1066. Let f = -137 + j. List the prime factors of f.
2, 3, 11
Suppose 0*t - 12 = -4*a + t, -3 = -a + 3*t. Let c(h) = -1 + 0*h**2 + 2*h - 4*h - 2*h**2 - 65*h**a. What are the prime factors of c(-1)?
2
Let x = -917 - -1144. Suppose x*m + 194 = 229*m. What are the prime factors of m?
97
Suppose 10*a - 224 = -4*a. Let l = a + 74. List the prime factors of l.
2, 3, 5
Let p(a) = -94*a - 46. Let c = -186 + 183. List the prime factors of p(c).
2, 59
Let c be 7*-1*40/(-28). Let y = 211 + c. List the prime factors of y.
13, 17
Let y = 94 + -90. Let a be ((-3)/(-4))/(35/8 - y). Suppose -4*b + a*x = -2*b - 24, 5*x = -b. List the prime factors of b.
2, 5
Let q(a) = 1218*a**3 + a**2 + 4*a + 4. Let t be q(-1). Let x = -733 - t. List the prime factors of x.
2, 11
Suppose 141*o = 135163 + 711373 + 326302. What are the prime factors of o?
2, 4159
Let r be 54/(11/(11/2)). Suppose -r*d + 24*d + 603 = 0. List the prime factors of d.
3, 67
Let h(o) be the third derivative of 0 + 4/3*o**4 - 1/120*o**6 - 38*o**2 + 13/60*o**5 + 5*o**3 + 0*o. List the prime factors of h(15).
2, 3, 5
Let o = -100 - -97. Let w(t) = -32*t**2 - 9*t - 22. Let i be w(o). Let s = -144 - i. List the prime factors of s.
139
Suppose 5*p = -58*z + 53*z + 215325, -5*z = -20. What are the prime factors of p?
17, 149
Let u(k) be the third derivative of -k**6/120 + k**5/30 + k**4/4 + 2*k**3 + 9*k**2 - 4. List the prime factors of u(4).
2
List the prime factors of 3/(-9) + ((-18466)/(-21) - 2).
877
Suppose -3*v = 0, -20 = -2*o + 2*v + v. Suppose 339 = o*k + 1199. Let g = -16 - k. What are the prime factors of g?
2, 5, 7
Suppose -2*n = -7 - 45. Let d = 7515 - 7505. Let t = n - d. What are the prime factors of t?
2
Let w(a) = -a - 13. Let i be w(-4). Let h(b) = -46*b + 116. What are the prime factors of h(i)?
2, 5, 53
Let a = 765 + -1251. Let y = 301 - a. List the prime factors of y.
787
Let m(o) be the first derivative of o**4 - 5*o**2/2 + 19*o - 253. Let v = -4 - -7. List the prime factors of m(v).
2, 7
Suppose 50*z = -38*z + 676016. What are the prime factors of z?
2, 23, 167
Let j be (90/(-105))/((-1)/(-14)). What are the prime factors of 459 - (j/(-3) + -5)?
2, 5, 23
Suppose 346100 + 307140 = 102*o + 54602. List the prime factors of o.
5869
Suppose b + 4*g - 3 = 3*g, -3*b - 5*g = -15. Suppose b = -3*z + 1 + 8. Suppose y - 5*f + 9 = 0, z*y + f = 26 + 11. What are the prime factors of y?
11
Let h(m) = -899*m**3 + 2*m**2 + 9*m - 2. What are the prime factors of h(-2)?
2, 5, 359
Let n = 23 - -19. Let x be n/14 - 2/1. Let t(u) = 50*u**3 + 2*u**2 - 3*u + 2. What are the prime factors of t(x)?
3, 17
Let m = 134 - 80. List the prime factors of 14/(-63) - (-34896)/m.
2, 17, 19
Suppose 57*o = 83*o - 364. What are the prime factors of 4494/12*4/o?
107
Let m be (40/35)/((-2)/(-7)). Suppose 3*v + 3*q - 453 = 0, -632 = -m*v + 4*q - q. List the prime factors of v.
5, 31
Let m be 4 - (-4736)/(-96)*42/(-4). Suppose 5*c + 380 = 3*n - m, -c = -2. What are the prime factors of n?
2, 19
Let f be 21 + -2 + 1 - 10/5. Suppose 2*j + f = -2*j - 2*d, j + d = -3. What are the prime factors of (192/36)/((-2)/j)?
2
Let a = 3574 + -346. What are the prime factors of a?
2, 3, 269
Suppose 4*s = p + p + 56, -2*p + s = 56. List the prime factors of ((-174)/8)/(7/p).
3, 29
Suppose 50*q - 49*q = 4438. Suppose -22*f + q = -8*f. List the prime factors of f.
317
Let t be 64/4 - (1 - (2 - 2)). Suppose -13*d = -t*d + 60. Suppose i + 4*q - 79 = d, i = 2*q + 109. List the prime factors of i.
109
Suppose 29187 = 3*g - 2*s, 19420 = 2*g - 0*g + 5*s. What are the prime factors of g?
5, 389
Let v be (-2 - -4) + -12 + -3. Let s be v/(52/(-48)) + -1. Let y = 4 + s. List the prime factors of y.
3, 5
Suppose 0 = 591*n - 599*n + 144. Suppose 4*d = 3*q - 784, n*d = 2*q + 16*d - 526. List the prime factors of q.
2, 67
Suppose 2*g - 8758 = 17*j - 15*j, 4*j = 2*g - 8768. List the prime factors of g.
2, 3
Let g(z) = -z**2 + 8*z - 8. Let x be g(11). Let y = -39 - x. Suppose y*n + 288 = 5*n. What are the prime factors of n?
2, 3
Suppose g = -3*r + 5130, 4*g - 6848 = 12*r - 16*r. List the prime factors of r.
1709
Suppose -24*f = -21*f + 1020. Let g = -528 - f. What are the prime factors of g/(-2) + (4/4)/1?
5, 19
Suppose 39383 = 4*c - 36233. What are the prime factors of c?
2, 17, 139
Let d(i) = -i**3 - 11*i**2 - 8*i + 25. Let x be d(-10). Suppose -62 = -x*j - 42. Suppose 3*g = -j*w + 666, 3*g - 5*g - 2*w = -442. List the prime factors of g.
2, 109
Suppose 11*o = 16*o + 5. Let z be 1*-4 + -94 + o. What are the prime factors of (z/12)/(2/((-48)/9))?
2, 11
Suppose 4*d - 616 = 264. Suppose 0 = 4*g + n - d - 690, -4*n + 916 = 4*g. What are the prime factors of g?
227
Let s(z) = -44*z - 17 - 7 + 13*z. List the prime factors of s(-6).
2, 3
Suppose 4*b - 79008 = -1545*u + 1541*u, 5*b = u - 19734. What are the prime factors of u?
3, 29, 227
Let f be 1241 - -5 - (-6 + 13). Suppose -178*w + 171*w + f = 0. List the prime factors of w.
3, 59
Let d = 9 + -8. Let s(l) = 98*l**3 - 1. Let h be s(d). Let v = h - 38. What are the prime factors of v?
59
Suppose 0 = -5*q + 2*y + 4, -2*y - 4 = 4*q - 0. Suppose 3*u - 2*p - 1799 = q, -4*u + 6*u - 1198 = p. List the prime factors of u.
3, 199
Suppose -136128 = -32*z + 8*z. Suppose -z + 18608 = 8*t. What are the prime factors of t?
3, 7, 11
Let l(c) = 16*c + c**2 + 20*c - 20*c - 42. Let b(i) = -11*i + 89. Let k be b(7). List the prime factors of l(k).
2, 3, 7
What are the prime factors of ((-4)/3 - -2)*((-353456496)/32)/(-83)?
3, 29573
Let b = 107806 - 70913. What are the prime factors of b?
79, 467
Suppose 336 = n - y, -27*n - 324 = -28*n - y. What are the prime factors of n?
2, 3, 5, 11
Let j = 8420 + 5754. What are the prime factors of j?
2, 19, 373
Suppose -6*j + 163700 = -5*v, 2*v = -4*j + 119586 - 10410. What are the prime factors of j?
2, 5, 2729
Suppose -4*x = 16, 598 = 5*t + 2*x - 4*x. Let m = 215 - t. Let n = 226 - m. What are the prime factors of n?
3, 43
Let i be 0 + 2 + -3 + 1*5. Let z be ((-2)/i - (-14 + 12))*366. Suppose 595 = 8*p - z. List the prime factors of p.
11, 13
Let d be -1*3 - 1*(-3 + -8). Suppose -7 - d = 3*v. List the prime factors of -105*(v + 3)/6.
5, 7
Suppose 3*n - 30 = -p - 3, 5*p - 35 